ed by 478493.
818
Calculate the remainder when 422098 is divided by 324.
250
Calculate the remainder when 370902 is divided by 46362.
6
Calculate the remainder when 579811 is divided by 433.
24
What is the remainder when 8295491 is divided by 3455?
36
Calculate the remainder when 534658 is divided by 17245.
63
Calculate the remainder when 63564 is divided by 5770.
94
Calculate the remainder when 87021988 is divided by 22.
20
Calculate the remainder when 16219964 is divided by 27.
11
What is the remainder when 783615 is divided by 260002?
3609
Calculate the remainder when 1431297 is divided by 28.
21
Calculate the remainder when 302929 is divided by 1233.
844
Calculate the remainder when 225415 is divided by 207.
199
What is the remainder when 350142 is divided by 2738?
2416
What is the remainder when 2492699 is divided by 1178?
51
What is the remainder when 674122 is divided by 674103?
19
What is the remainder when 43983267 is divided by 583?
581
What is the remainder when 88100 is divided by 64?
36
What is the remainder when 21934296 is divided by 4328?
4320
Calculate the remainder when 11169292 is divided by 942.
940
What is the remainder when 359005 is divided by 89728?
93
What is the remainder when 2256222 is divided by 625?
597
What is the remainder when 22005439 is divided by 261?
7
Calculate the remainder when 723432 is divided by 361657.
118
Calculate the remainder when 6326455 is divided by 14477.
6
What is the remainder when 22271108 is divided by 1113555?
8
What is the remainder when 7957980 is divided by 1843?
1749
Calculate the remainder when 430553 is divided by 323.
317
Calculate the remainder when 86639 is divided by 4327.
99
Calculate the remainder when 772957 is divided by 5266.
4121
What is the remainder when 10267 is divided by 799?
679
Calculate the remainder when 147798 is divided by 635.
478
What is the remainder when 1663940 is divided by 702?
200
Calculate the remainder when 227760 is divided by 56692.
992
Calculate the remainder when 16813607 is divided by 30186.
5
What is the remainder when 365809 is divided by 98?
73
What is the remainder when 137942 is divided by 26?
12
Calculate the remainder when 514506 is divided by 286.
278
What is the remainder when 285610 is divided by 965?
935
Calculate the remainder when 415233 is divided by 17301.
9
What is the remainder when 17013 is divided by 4217?
145
What is the remainder when 1279145 is divided by 238?
133
Calculate the remainder when 595696 is divided by 119129.
51
Calculate the remainder when 38637012 is divided by 154548.
12
What is the remainder when 33634 is divided by 4068?
1090
What is the remainder when 321727 is divided by 321698?
29
Calculate the remainder when 41002197 is divided by 648.
645
Calculate the remainder when 38731 is divided by 18226.
2279
Calculate the remainder when 237501 is divided by 31.
10
What is the remainder when 895489 is divided by 505?
124
What is the remainder when 78471 is divided by 33539?
11393
What is the remainder when 50237569 is divided by 308?
305
Calculate the remainder when 246953665 is divided by 40.
25
What is the remainder when 73468 is divided by 401?
85
What is the remainder when 1203581 is divided by 639?
344
What is the remainder when 302967 is divided by 748?
27
Calculate the remainder when 1101087 is divided by 212.
171
What is the remainder when 4538085 is divided by 7296?
7269
Calculate the remainder when 172148 is divided by 2460.
2408
Calculate the remainder when 114345 is divided by 1428.
105
Calculate the remainder when 569398073 is divided by 138.
137
Calculate the remainder when 1826497 is divided by 76.
65
What is the remainder when 3711919 is divided by 64?
47
Calculate the remainder when 2516301 is divided by 2443.
11
Calculate the remainder when 2842255 is divided by 2000.
255
Calculate the remainder when 660884120 is divided by 471.
470
What is the remainder when 38108145 is divided by 3354?
3351
What is the remainder when 42302 is divided by 6977?
440
What is the remainder when 51585 is divided by 568?
465
What is the remainder when 5622119 is divided by 315?
314
Calculate the remainder when 89751132 is divided by 44875562.
8
What is the remainder when 116468 is divided by 56752?
2964
Calculate the remainder when 304984 is divided by 15.
4
Calculate the remainder when 39003961 is divided by 1344964.
5
Calculate the remainder when 5091665 is divided by 23463.
194
Calculate the remainder when 32851948 is divided by 4106492.
12
Calculate the remainder when 312087 is divided by 191.
184
What is the remainder when 237969128 is divided by 194?
192
Calculate the remainder when 4703651 is divided by 395.
386
Calculate the remainder when 23837236 is divided by 2495.
6
Calculate the remainder when 7521484 is divided by 2507159.
7
What is the remainder when 3715783 is divided by 530821?
36
What is the remainder when 54204 is divided by 10462?
1894
What is the remainder when 135635 is divided by 16951?
27
What is the remainder when 1816784 is divided by 11646?
8
Calculate the remainder when 7637800 is divided by 218222.
30
Calculate the remainder when 151869 is divided by 25305.
39
Calculate the remainder when 19229265 is divided by 78.
3
What is the remainder when 1081584 is divided by 2277?
9
What is the remainder when 13433619 is divided by 2921?
2861
What is the remainder when 179547 is divided by 179331?
216
What is the remainder when 7124659 is divided by 628?
627
Calculate the remainder when 9898092 is divided by 1196.
1192
Calculate the remainder when 3286386 is divided by 28.
26
Calculate the remainder when 868774 is divided by 66825.
49
Calculate the remainder when 37417 is divided by 2711.
2174
What is the remainder when 651725 is divided by 3974?
3963
What is the remainder when 24749950 is divided by 3403?
3334
Calculate the remainder when 34492 is divided by 10949.
1645
Calculate the remainder when 7863911 is divided by 618.
479
What is the remainder when 1349498 is divided by 47?
34
What is the remainder when 80590 is divided by 261?
202
What is the remainder when 601304 is divided by 4062?
128
What is the remainder when 91063892 is divided by 22?
18
What is the remainder when 16283713 is divided by 7681?
7674
What is the remainder when 483246 is divided by 53691?
27
What is the remainder when 14495165 is divided by 837?
836
What is the remainder when 251967 is divided by 13997?
21
What is the remainder when 1416340022 is divided by 1173?
1172
Calculate the remainder when 68600578 is divided by 22866859.
1
What is the remainder when 7441 is divided by 893?
297
What is the remainder when 38555 is divided by 2257?
186
What is the remainder when 2797262 is divided by 249?
245
Calculate the remainder when 535886 is divided by 178603.
77
Calculate the remainder when 144697286 is divided by 71.
67
What is the remainder when 34621470 is divided by 264?
246
Calculate the remainder when 52543340 is divided by 26271670.
0
What is the remainder when 648469 is divided by 222?
7
Calculate the remainder when 198924477 is divided by 27.
6
What is the remainder when 318159 is divided by 63581?
254
Calculate the remainder when 272369 is divided by 155.
34
Calculate the remainder when 1874521 is divided by 624823.
52
What is the remainder when 2556334 is divided by 26908?
74
Calculate the remainder when 262592 is divided by 720.
512
What is the remainder when 57289 is divided by 27257?
2775
What is the remainder when 1400139 is divided by 3390?
69
What is the remainder when 30794 is divided by 2329?
517
What is the remainder when 571986 is divided by 1021?
226
Calculate the remainder when 390076 is divided by 97210.
1236
What is the remainder when 1309235 is divided by 344?
315
Calculate the remainder when 58019585 is divided by 709.
697
Calculate the remainder when 193080 is divided by 96538.
4
Calculate the remainder when 16537 is divided by 4097.
149
What is the remainder when 388269 is divided by 382550?
5719
Calculate the remainder when 29125403 is divided by 2756.
2751
Calculate the remainder when 722198 is divided by 3359.
13
Calculate the remainder when 74460845 is divided by 3344.
3341
What is the remainder when 313483 is divided by 7643?
120
Calculate the remainder when 139119 is divided by 248.
239
